- 3))?
6
Let z be (-16)/(-6) - (-4)/(-6). Suppose -18 = -4*c - r, -5*c + z*r = -c - 12. What is the units digit of 9 - c - 4/(-2)?
7
Let h(i) = -3*i - 12. Let t(g) = -g. Let x(z) = -h(z) + 2*t(z). Suppose 7*q - 3*q = 0. What is the units digit of x(q)?
2
Let q be (0/(-5))/(1/(-1)). Suppose -4*t + t = -135. Suppose -h + 4*w = 10, -2*h + 0*h - 5*w + t = q. What is the units digit of h?
0
Suppose 9*c = 14*c - 65. What is the tens digit of c?
1
Suppose 3*r - 50 = 31. What is the units digit of r?
7
Let v(p) = p**2 + 14*p + 42. What is the tens digit of v(-15)?
5
Let a(z) = z**3 - z**2. Suppose 2*b = 3*b - 1. Let x be a(b). Suppose -22 = -2*w - x*w. What is the tens digit of w?
1
Let x = -13 + 18. What is the units digit of x?
5
Suppose -2*u - 3*u + 10 = 0. Suppose 5*i - 3*i + u = 0. Let o = 5 + i. What is the units digit of o?
4
Suppose 0 = -0*i + i - 1. Suppose -3*u = -5*u + 12. Suppose -g + u = -i. What is the units digit of g?
7
Let g(x) = 5*x - 3*x + 3*x**2 - 4 - x**3 + 3*x**2. Let r be g(5). Suppose -w - 3*w = -4*f + 28, -3*f + r = -w. What is the units digit of f?
2
Let c = 1 - -2. Suppose 0 = -3*o + c. Let m(y) = 4*y**3 - y**2 + y. What is the units digit of m(o)?
4
Let u(w) = -3*w**2 - 2*w + 1. Let h be u(2). Let y = h - -10. What is the units digit of (-1 + 0)/(1/y)?
5
Suppose 114 = 7*v - 4*v. What is the units digit of v?
8
Suppose 3*h = -2*h - 4*c - 4, 5 = h - 5*c. Suppose 2 = -2*f - 6, -4*b - 2*f - 12 = h. Let p = 2 + b. What is the units digit of p?
1
Let n(j) = 8*j**3 + 2*j - 1. Suppose -5*z - 32 = -5*x - 12, -2*x + 10 = 0. Let p be -1*(0/(-2) - z). What is the units digit of n(p)?
9
Suppose 69 = 2*a + v, -4*a + 3*v + 153 = -0*v. Let c be (-2)/7 - 360/14. Let n = c + a. What is the tens digit of n?
1
Suppose 4 = v - 5*v. What is the units digit of (8/12)/(v/(-9))?
6
Suppose -q - 4*q = -85. Let s = q - 6. What is the units digit of s?
1
Let h = -35 + 74. What is the tens digit of h?
3
Suppose -a - 4*a + 60 = 0. What is the tens digit of a?
1
Suppose 4*j - h - 2*h - 250 = 0, 4*h = 3*j - 184. What is the units digit of j?
4
Suppose 18 - 106 = -4*q. What is the tens digit of q?
2
Suppose -4*k + 568 = -2*b, 0*k - 4*k + 5*b = -574. What is the hundreds digit of k?
1
Let k(t) = -5*t**3 + 13. Let l(w) be the second derivative of w**5/5 - 13*w**2/2 - w. Let x(c) = -3*k(c) - 4*l(c). What is the units digit of x(0)?
3
Let u(a) = -2 + a + 19*a + 2 + 1. What is the tens digit of u(1)?
2
Suppose 0 = 2*z - 4*z - 4*q + 56, -q - 41 = -2*z. Suppose -5*o = -13 - z. What is the units digit of o?
7
Suppose -o = -1, -h + 5*h - o - 67 = 0. What is the tens digit of h?
1
Suppose -5*s + l + 459 = 3*l, 4*s = -4*l + 372. What is the units digit of s?
1
Suppose 88 = 12*f - 4*f. What is the tens digit of f?
1
Suppose 0 = h + 6 + 2. Let r(q) = -q**3 + 5*q**2 + 5*q + 5. Let t be r(6). Let i = t - h. What is the units digit of i?
7
Let q = -2 + 15. What is the tens digit of q?
1
Let u = -99 - -221. What is the units digit of u?
2
Let c = -89 - -148. Suppose 2*g - 7*g = 3*u - c, g = -5*u + 3. What is the units digit of g?
3
What is the tens digit of (77 + -2)*(-8 - -9)?
7
Let a = 36 + 1. What is the tens digit of a?
3
Let d(v) be the third derivative of 1/3*v**3 - 3*v**2 + 0*v + 1/24*v**4 + 0. What is the units digit of d(6)?
8
Suppose 2*p + 110 = 2*z, -4*z - p = -4*p - 217. What is the tens digit of z?
5
Let f(q) be the third derivative of 7*q**4/24 - 10*q**3/3 + 3*q**2. What is the units digit of f(9)?
3
Suppose -u - 4*n = -2*u + 124, -227 = -2*u + n. What is the tens digit of u?
1
Let y be (1 + -7)*12/(-9). Let a = -5 + y. Suppose -a*w + 6 + 15 = 0. What is the units digit of w?
7
Suppose -3*s - 2*s = -5*l + 10, 4*l - 11 = 3*s. What is the units digit of ((-14)/s)/((-4)/6)?
7
Suppose -12 = 2*c + c. What is the units digit of (9/6)/((-3)/c)?
2
Let j(d) = 25*d + 2. What is the hundreds digit of j(6)?
1
Suppose -i - f = 2*f + 3, 2 = 2*i - 2*f. Suppose -p + 2*r + 12 = -i*p, 4*r = -2*p - 8. What is the units digit of p?
4
Let o(q) = q**3 + 5*q**2 - 7*q - 11. What is the tens digit of o(-4)?
3
Suppose -4*m + 0*a = -5*a - 219, -4*a = -3*m + 163. What is the units digit of m?
1
What is the hundreds digit of 2 + -2 - 11/((-44)/1176)?
2
Let v(c) = c + 1. Let t be v(6). Let i(h) = -h**3 + h**2 + h + 4. Let a be i(0). Let m = t - a. What is the units digit of m?
3
Let b be -2*(-3)/(-6)*0. Let p(t) = b*t + 2*t - 4 - 5*t. What is the units digit of p(-3)?
5
Let u be 5/(15/12) - 0. What is the units digit of (1 - u)/((-6)/4)?
2
Let r = 32 + 10. Let m = r + -29. Suppose 0 = 2*v + 2*f - 28, 3*v - f - m = v. What is the units digit of v?
9
Suppose -1 = -r + s + 4, -2*r + s + 10 = 0. What is the units digit of r?
5
Let z(c) = c**3 + 7*c**2 - 7*c + 9. Let j be z(-8). Let x be j - 0 - (-2 + 3). What is the tens digit of 0 + x + (0 - -11)?
1
Let o be (5 + -2)*(-2)/(-6). Let v = o - 4. What is the units digit of (-2)/v*27/3?
6
Suppose -3*j + 4*a = -0*j - 319, 5*a + 525 = 5*j. What is the hundreds digit of j?
1
Suppose -5*y - 14 = k, 5*k + 4*y - 2 + 30 = 0. Let b = -1 - k. What is the units digit of b?
3
Let y(a) = 2*a + 22. What is the tens digit of y(6)?
3
Suppose -n - 4*c - 270 = 4*n, -3*n - 5*c - 175 = 0. Let f = -29 - n. What is the tens digit of f?
2
Suppose 3*i + 2*h = 10 + 3, 4*h = 5*i - 7. Suppose i*r - r - 2 = 0. What is the units digit of r?
1
Suppose 21*k = 24*k - 267. What is the tens digit of k?
8
Suppose -3 = 5*t + 7, -542 = 5*y - 4*t. Let f = y + 160. What is the units digit of f?
0
Let r(i) = -i**2 - 9*i - 5. Let b be r(-7). Let d = -3 + 0. Let y = b + d. What is the units digit of y?
6
Suppose -5*r + 105 = -0*r. Suppose -3*m + r = 9. What is the units digit of m?
4
Let h be ((-144)/40)/(2/(-5)). Suppose 4*k = 5*k - h. What is the units digit of k?
9
Let d(h) = -h + 2 + 2 + 2. What is the units digit of d(5)?
1
What is the hundreds digit of (-10)/(-85) - 1817/(-17)?
1
What is the tens digit of 26/(-1)*3/(-3)?
2
Suppose -2*t + 138 = 22. What is the tens digit of t?
5
What is the units digit of (-3)/((-165)/78 + 2)?
6
Suppose -2*w = -298 + 94. What is the units digit of w?
2
Suppose v - 2*v = -25. Let o = v - 1. What is the tens digit of o?
2
Let m(y) = 10*y**3 - y + 1. Let v be m(1). Suppose -2 = -4*x - v. Let u = 2 - x. What is the units digit of u?
4
Let r(c) = -4*c - 6. Suppose -10 = 4*v + 2*p, 3*p - 20 - 20 = 5*v. What is the units digit of r(v)?
4
Let h(l) = -l**2 - 14*l - 2. Let i(b) = 2*b**2 + 27*b + 3. Let t(j) = -7*h(j) - 4*i(j). Let x be t(-10). Let s(d) = 3*d**2 - 1. What is the tens digit of s(x)?
1
Suppose 7*p - 2*p - 90 = 0. Suppose 5 - 20 = -3*b. Suppose 4*m - 4 = 0, -z - b = 3*m - p. What is the units digit of z?
0
Let j be ((-2)/3)/((-2)/21). Let k be 1/1*j*-1. Let g = k + 12. What is the units digit of g?
5
Suppose 0 = -2*p + 2*w + 18, -2*p = w + 3*w + 12. What is the units digit of p?
4
Suppose 3*v = -9 + 42. Suppose v = 3*q + 32. Let c = 2 - q. What is the units digit of c?
9
Let k(b) = b**3 - 3*b**2 + 3*b + 27. What is the units digit of k(0)?
7
Let m(s) = s + 12. Let f be m(8). Let p = f + 10. What is the tens digit of p?
3
Let u(v) = -5*v - 11 + 0 + 4 - 1. What is the units digit of u(-7)?
7
What is the tens digit of (16/(-20))/(2/(-75))?
3
Let x(r) = r**3 - 10*r**2 + 3*r - 7. Let o be 18 + -6 + -2 + 0. What is the units digit of x(o)?
3
Suppose 4*z = 7*i - 3*i - 8, z = -i - 4. Let d be (i - -6) + (-2)/(-2). Let j = d - 4. What is the units digit of j?
2
Suppose -g + 15 + 31 = 0. Suppose -3*j + g = -11. What is the tens digit of j?
1
Suppose -2*f - q = -5, 4*f - 4*q - 5 = -q. Suppose -3*j = 3*c - 66, -4*c - 5*j + 38 = -f*c. What is the units digit of c?
4
Suppose 3*d = 2*q + 9, 3*d + 2*q = 5*q + 9. Let k(f) = f**3 + 6*f**2 + 5*f + 2. Let j be k(-5). Suppose j*o = d*o - 1. What is the units digit of o?
1
What is the units digit of 2*85*(2 + -2 - -1)?
0
Let o be (1 - -2)/(3 + 0). Suppose -j + 2 = o. What is the units digit of j?
1
Let t(l) = l**2 - 9*l. Let m be t(10). Suppose 0 = x - 4 - m. What is the tens digit of x?
1
Let d be (6 + -4)/(1 + -2). Let p = 2 - d. What is the units digit of 2/(-8) - (-13)/p?
3
Suppose -2*b - 2*b = 0. Let i = 21 + -10. Suppose b*t - 2*d = 3*t - i, 3*d - 15 = -3*t. What is the units digit of t?
1
Let j(n) = -23*n*